[INFO] cloning repository https://github.com/jeremyandrews/j-rss
[INFO] running `Command { std: "git" "-c" "credential.helper=" "-c" "credential.helper=/workspace/cargo-home/bin/git-credential-null" "clone" "--bare" "https://github.com/jeremyandrews/j-rss" "/workspace/cache/git-repos/https%3A%2F%2Fgithub.com%2Fjeremyandrews%2Fj-rss", kill_on_drop: false }`
[INFO] [stderr] Cloning into bare repository '/workspace/cache/git-repos/https%3A%2F%2Fgithub.com%2Fjeremyandrews%2Fj-rss'...
[INFO] running `Command { std: "git" "rev-parse" "HEAD", kill_on_drop: false }`
[INFO] [stdout] 42f2025b1081c9f98fce0c4b7144ee53d707633b
[INFO] checking jeremyandrews/j-rss against try#72f88fc4e9458f89516a0b8b0868f3718aec5b47 for pr-74989
[INFO] running `Command { std: "git" "clone" "/workspace/cache/git-repos/https%3A%2F%2Fgithub.com%2Fjeremyandrews%2Fj-rss" "/workspace/builds/worker-3/source", kill_on_drop: false }`
[INFO] [stderr] Cloning into '/workspace/builds/worker-3/source'...
[INFO] [stderr] done.
[INFO] validating manifest of git repo https://github.com/jeremyandrews/j-rss on toolchain 72f88fc4e9458f89516a0b8b0868f3718aec5b47
[INFO] running `Command { std: "/workspace/cargo-home/bin/cargo" "+72f88fc4e9458f89516a0b8b0868f3718aec5b47" "read-manifest" "--manifest-path" "Cargo.toml", kill_on_drop: false }`
[INFO] started tweaking git repo https://github.com/jeremyandrews/j-rss
[INFO] finished tweaking git repo https://github.com/jeremyandrews/j-rss
[INFO] tweaked toml for git repo https://github.com/jeremyandrews/j-rss written to /workspace/builds/worker-3/source/Cargo.toml
[INFO] crate git repo https://github.com/jeremyandrews/j-rss already has a lockfile, it will not be regenerated
[INFO] running `Command { std: "/workspace/cargo-home/bin/cargo" "+72f88fc4e9458f89516a0b8b0868f3718aec5b47" "fetch" "--locked" "--manifest-path" "Cargo.toml", kill_on_drop: false }`
[INFO] [stderr]     Blocking waiting for file lock on package cache
[INFO] [stderr]     Blocking waiting for file lock on package cache
[INFO] [stderr]  Downloading crates ...
[INFO] [stderr]   Downloaded h2 v0.2.3
[INFO] [stderr]   Downloaded ammonia v3.1.0
[INFO] running `Command { std: "docker" "create" "-v" "/var/lib/crater-agent-workspace/builds/worker-3/target:/opt/rustwide/target:rw,Z" "-v" "/var/lib/crater-agent-workspace/builds/worker-3/source:/opt/rustwide/workdir:ro,Z" "-v" "/var/lib/crater-agent-workspace/cargo-home:/opt/rustwide/cargo-home:ro,Z" "-v" "/var/lib/crater-agent-workspace/rustup-home:/opt/rustwide/rustup-home:ro,Z" "-e" "SOURCE_DIR=/opt/rustwide/workdir" "-e" "CARGO_TARGET_DIR=/opt/rustwide/target" "-e" "CARGO_HOME=/opt/rustwide/cargo-home" "-e" "RUSTUP_HOME=/opt/rustwide/rustup-home" "-w" "/opt/rustwide/workdir" "-m" "1610612736" "--user" "0:0" "--network" "none" "rustops/crates-build-env@sha256:d92eaeed33fa75130ca1ee6c8a01d1ffb62bac859dfdfb3450e3e5d1c0146529" "/opt/rustwide/cargo-home/bin/cargo" "+72f88fc4e9458f89516a0b8b0868f3718aec5b47" "metadata" "--no-deps" "--format-version=1", kill_on_drop: false }`
[INFO] [stdout] e628709af5da308addd00738de61c1e26bc30961ad28e5f08a842190a60effea
[INFO] [stderr] WARNING: Your kernel does not support swap limit capabilities or the cgroup is not mounted. Memory limited without swap.
[INFO] running `Command { std: "docker" "start" "-a" "e628709af5da308addd00738de61c1e26bc30961ad28e5f08a842190a60effea", kill_on_drop: false }`
[INFO] running `Command { std: "docker" "inspect" "e628709af5da308addd00738de61c1e26bc30961ad28e5f08a842190a60effea", kill_on_drop: false }`
[INFO] running `Command { std: "docker" "rm" "-f" "e628709af5da308addd00738de61c1e26bc30961ad28e5f08a842190a60effea", kill_on_drop: false }`
[INFO] [stdout] e628709af5da308addd00738de61c1e26bc30961ad28e5f08a842190a60effea
[INFO] running `Command { std: "docker" "create" "-v" "/var/lib/crater-agent-workspace/builds/worker-3/target:/opt/rustwide/target:rw,Z" "-v" "/var/lib/crater-agent-workspace/builds/worker-3/source:/opt/rustwide/workdir:ro,Z" "-v" "/var/lib/crater-agent-workspace/cargo-home:/opt/rustwide/cargo-home:ro,Z" "-v" "/var/lib/crater-agent-workspace/rustup-home:/opt/rustwide/rustup-home:ro,Z" "-e" "SOURCE_DIR=/opt/rustwide/workdir" "-e" "CARGO_TARGET_DIR=/opt/rustwide/target" "-e" "CARGO_INCREMENTAL=0" "-e" "RUST_BACKTRACE=full" "-e" "RUSTFLAGS=--cap-lints=forbid" "-e" "CARGO_HOME=/opt/rustwide/cargo-home" "-e" "RUSTUP_HOME=/opt/rustwide/rustup-home" "-w" "/opt/rustwide/workdir" "-m" "1610612736" "--user" "0:0" "--network" "none" "rustops/crates-build-env@sha256:d92eaeed33fa75130ca1ee6c8a01d1ffb62bac859dfdfb3450e3e5d1c0146529" "/opt/rustwide/cargo-home/bin/cargo" "+72f88fc4e9458f89516a0b8b0868f3718aec5b47" "check" "--frozen" "--all" "--all-targets" "--message-format=json", kill_on_drop: false }`
[INFO] [stdout] 7f9293a48722545d920df086299225a71afa738c2c64026e7cd72a59c6d8a41c
[INFO] [stderr] WARNING: Your kernel does not support swap limit capabilities or the cgroup is not mounted. Memory limited without swap.
[INFO] running `Command { std: "docker" "start" "-a" "7f9293a48722545d920df086299225a71afa738c2c64026e7cd72a59c6d8a41c", kill_on_drop: false }`
[INFO] [stderr]    Compiling libc v0.2.68
[INFO] [stderr]    Compiling proc-macro2 v1.0.9
[INFO] [stderr]    Compiling unicode-xid v0.2.0
[INFO] [stderr]    Compiling syn v1.0.17
[INFO] [stderr]     Checking lazy_static v1.4.0
[INFO] [stderr]     Checking fnv v1.0.6
[INFO] [stderr]    Compiling serde v1.0.105
[INFO] [stderr]    Compiling cc v1.0.50
[INFO] [stderr]     Checking futures v0.1.29
[INFO] [stderr]     Checking slab v0.4.2
[INFO] [stderr]    Compiling byteorder v1.3.4
[INFO] [stderr]    Compiling semver-parser v0.7.0
[INFO] [stderr]     Checking itoa v0.4.5
[INFO] [stderr]    Compiling ryu v1.0.3
[INFO] [stderr]    Compiling getrandom v0.1.14
[INFO] [stderr]    Compiling version_check v0.9.1
[INFO] [stderr]    Compiling cfg-if v0.1.10
[INFO] [stderr]    Compiling maybe-uninit v2.0.0
[INFO] [stderr]     Checking either v1.5.3
[INFO] [stderr]     Checking matches v0.1.8
[INFO] [stderr]     Checking smallvec v1.2.0
[INFO] [stderr]    Compiling pkg-config v0.3.17
[INFO] [stderr]    Compiling autocfg v0.1.7
[INFO] [stderr]     Checking rand_core v0.4.2
[INFO] [stderr]     Checking scopeguard v1.1.0
[INFO] [stderr]    Compiling ppv-lite86 v0.2.6
[INFO] [stderr]    Compiling siphasher v0.3.2
[INFO] [stderr]    Compiling memchr v2.3.3
[INFO] [stderr]    Compiling bitflags v1.2.1
[INFO] [stderr]    Compiling openssl v0.10.28
[INFO] [stderr]     Checking foreign-types-shared v0.1.1
[INFO] [stderr]    Compiling httparse v1.3.4
[INFO] [stderr]     Checking try-lock v0.2.2
[INFO] [stderr]     Checking bytes v0.5.4
[INFO] [stderr]     Checking percent-encoding v2.1.0
[INFO] [stderr]     Checking new_debug_unreachable v1.0.4
[INFO] [stderr]    Compiling native-tls v0.2.4
[INFO] [stderr]     Checking mac v0.1.1
[INFO] [stderr]     Checking openssl-probe v0.1.2
[INFO] [stderr]     Checking pin-project-lite v0.1.4
[INFO] [stderr]     Checking futures-core v0.3.4
[INFO] [stderr]    Compiling ident_case v1.0.1
[INFO] [stderr]    Compiling failure_derive v0.1.7
[INFO] [stderr]    Compiling strsim v0.9.3
[INFO] [stderr]    Compiling encoding_rs v0.8.22
[INFO] [stderr]     Checking utf-8 v0.7.5
[INFO] [stderr]     Checking percent-encoding v1.0.1
[INFO] [stderr]     Checking precomputed-hash v0.1.1
[INFO] [stderr]     Checking regex-syntax v0.6.17
[INFO] [stderr]    Compiling crc32fast v1.2.0
[INFO] [stderr]     Checking pin-utils v0.1.0-alpha.4
[INFO] [stderr]     Checking dtoa v0.4.5
[INFO] [stderr]     Checking futures-task v0.3.4
[INFO] [stderr]     Checking rustc-demangle v0.1.16
[INFO] [stderr]     Checking futures-sink v0.3.4
[INFO] [stderr]     Checking mime v0.3.16
[INFO] [stderr]     Checking adler32 v1.0.4
[INFO] [stderr]     Checking tower-service v0.3.0
[INFO] [stderr]    Compiling derive_builder v0.9.0
[INFO] [stderr]     Checking maplit v1.0.2
[INFO] [stderr]     Checking base64 v0.11.0
[INFO] [stderr]     Checking try_from v0.3.2
[INFO] [stderr]    Compiling crossbeam-utils v0.7.2
[INFO] [stderr]    Compiling indexmap v1.3.2
[INFO] [stderr]    Compiling memoffset v0.5.4
[INFO] [stderr]    Compiling crossbeam-epoch v0.8.2
[INFO] [stderr]    Compiling num-traits v0.2.11
[INFO] [stderr]    Compiling num-integer v0.1.42
[INFO] [stderr]     Checking unicode-bidi v0.3.4
[INFO] [stderr]    Compiling semver v0.9.0
[INFO] [stderr]     Checking unicode-normalization v0.1.12
[INFO] [stderr]     Checking lock_api v0.3.3
[INFO] [stderr]     Checking rand_core v0.3.1
[INFO] [stderr]     Checking rand_jitter v0.1.4
[INFO] [stderr]     Checking foreign-types v0.3.2
[INFO] [stderr]    Compiling phf_shared v0.8.0
[INFO] [stderr]    Compiling unicase v2.6.0
[INFO] [stderr]    Compiling error-chain v0.12.2
[INFO] [stderr]     Checking futf v0.1.4
[INFO] [stderr]     Checking futures-channel v0.3.4
[INFO] [stderr]    Compiling rand_chacha v0.1.1
[INFO] [stderr]    Compiling rand_pcg v0.1.2
[INFO] [stderr]    Compiling rand v0.6.5
[INFO] [stderr]     Checking futures-util v0.3.4
[INFO] [stderr]     Checking http v0.2.1
[INFO] [stderr]     Checking miniz_oxide v0.3.6
[INFO] [stderr]     Checking rand_hc v0.1.0
[INFO] [stderr]     Checking rand_xorshift v0.1.1
[INFO] [stderr]     Checking rand_isaac v0.1.1
[INFO] [stderr]    Compiling rustc_version v0.2.3
[INFO] [stderr]     Checking phf v0.8.0
[INFO] [stderr]     Checking tendril v0.4.1
[INFO] [stderr]     Checking want v0.3.0
[INFO] [stderr]     Checking tokio-sync v0.1.8
[INFO] [stderr]     Checking want v0.2.0
[INFO] [stderr]     Checking smallvec v0.6.13
[INFO] [stderr]    Compiling openssl-sys v0.9.54
[INFO] [stderr]    Compiling backtrace-sys v0.1.35
[INFO] [stderr]     Checking base64 v0.10.1
[INFO] [stderr]     Checking idna v0.2.0
[INFO] [stderr]     Checking idna v0.1.5
[INFO] [stderr]    Compiling quote v1.0.3
[INFO] [stderr]    Compiling parking_lot_core v0.6.2
[INFO] [stderr]    Compiling parking_lot v0.9.0
[INFO] [stderr]    Compiling hyper v0.12.35
[INFO] [stderr]     Checking iovec v0.1.4
[INFO] [stderr]     Checking net2 v0.2.33
[INFO] [stderr]     Checking time v0.1.42
[INFO] [stderr]     Checking num_cpus v1.12.0
[INFO] [stderr]     Checking rand_os v0.1.3
[INFO] [stderr]     Checking flate2 v1.0.14
[INFO] [stderr]     Checking regex v1.3.6
[INFO] [stderr]     Checking tokio-executor v0.1.10
[INFO] [stderr]     Checking crossbeam-queue v0.2.1
[INFO] [stderr]     Checking url v1.7.2
[INFO] [stderr]    Compiling mime_guess v2.0.3
[INFO] [stderr]     Checking url v2.1.1
[INFO] [stderr]    Compiling rand_core v0.5.1
[INFO] [stderr]     Checking bytes v0.4.12
[INFO] [stderr]     Checking futures-cpupool v0.1.8
[INFO] [stderr]     Checking mio v0.6.21
[INFO] [stderr]     Checking tokio-current-thread v0.1.7
[INFO] [stderr]     Checking tokio-timer v0.2.13
[INFO] [stderr]     Checking crossbeam-deque v0.7.3
[INFO] [stderr]    Compiling rand_chacha v0.2.2
[INFO] [stderr]    Compiling rand_pcg v0.2.1
[INFO] [stderr]     Checking tokio-io v0.1.13
[INFO] [stderr]     Checking http v0.1.21
[INFO] [stderr]     Checking tokio-buf v0.1.1
[INFO] [stderr]     Checking string v0.2.1
[INFO] [stderr]     Checking tokio-threadpool v0.1.18
[INFO] [stderr]     Checking cookie v0.12.0
[INFO] [stderr]     Checking http-body v0.3.1
[INFO] [stderr]     Checking backtrace v0.3.46
[INFO] [stderr]    Compiling rand v0.7.3
[INFO] [stderr]     Checking chrono v0.4.11
[INFO] [stderr]     Checking publicsuffix v1.5.4
[INFO] [stderr]     Checking quick-xml v0.17.2
[INFO] [stderr]     Checking tokio-reactor v0.1.12
[INFO] [stderr]     Checking uuid v0.7.4
[INFO] [stderr]     Checking tokio-tcp v0.1.4
[INFO] [stderr]     Checking tokio v0.1.22
[INFO] [stderr]    Compiling phf_generator v0.8.0
[INFO] [stderr]    Compiling phf_codegen v0.8.0
[INFO] [stderr]    Compiling string_cache_codegen v0.5.1
[INFO] [stderr]     Checking http-body v0.1.0
[INFO] [stderr]     Checking h2 v0.1.26
[INFO] [stderr]    Compiling synstructure v0.12.3
[INFO] [stderr]    Compiling darling_core v0.10.2
[INFO] [stderr]     Checking hyper-tls v0.3.2
[INFO] [stderr]    Compiling serde_derive v1.0.105
[INFO] [stderr]    Compiling tokio-macros v0.2.5
[INFO] [stderr]    Compiling pin-project-internal v0.4.8
[INFO] [stderr]    Compiling html5ever v0.25.1
[INFO] [stderr]     Checking tokio v0.2.13
[INFO] [stderr]     Checking failure v0.1.7
[INFO] [stderr]    Compiling darling_macro v0.10.2
[INFO] [stderr]    Compiling darling v0.10.2
[INFO] [stderr]    Compiling derive_builder_core v0.9.0
[INFO] [stderr]     Checking pin-project v0.4.8
[INFO] [stderr]     Checking tokio-util v0.2.0
[INFO] [stderr]     Checking tokio-tls v0.3.0
[INFO] [stderr]     Checking h2 v0.2.3
[INFO] [stderr]     Checking hyper v0.13.4
[INFO] [stderr]     Checking hyper-tls v0.4.1
[INFO] [stderr]     Checking string_cache v0.8.0
[INFO] [stderr]     Checking serde_json v1.0.50
[INFO] [stderr]     Checking serde_urlencoded v0.5.5
[INFO] [stderr]     Checking serde_urlencoded v0.6.1
[INFO] [stderr]     Checking cookie_store v0.7.0
[INFO] [stderr]     Checking reqwest v0.10.4
[INFO] [stderr]     Checking reqwest v0.9.24
[INFO] [stderr]    Compiling markup5ever v0.10.0
[INFO] [stderr]     Checking rss v1.9.0
[INFO] [stderr]     Checking xml5ever v0.16.1
[INFO] [stderr]     Checking markup5ever_rcdom v0.1.0
[INFO] [stderr]     Checking ammonia v3.1.0
[INFO] [stderr]     Checking j-rss v0.1.0 (/opt/rustwide/workdir)
[INFO] [stdout] error[E0425]: cannot find value `api_key` in this scope
[INFO] [stdout]   --> src/main.rs:88:80
[INFO] [stdout]    |
[INFO] [stdout] 88 |                 let url = format!("{}?key={}&text={}&lang={}&format={}", base, api_key, strip_anchor(&cleaned_text), lang, format);
[INFO] [stdout]    |                                                                                ^^^^^^^ not found in this scope
[INFO] [stdout] 
[INFO] [stdout] 
[INFO] [stdout] error[E0425]: cannot find value `api_key` in this scope
[INFO] [stdout]    --> src/main.rs:142:72
[INFO] [stdout]     |
[INFO] [stdout] 142 |         let url = format!("{}?key={}&text={}&lang={}&format={}", base, api_key, strip_anchor(&text), lang, format);
[INFO] [stdout]     |                                                                        ^^^^^^^ not found in this scope
[INFO] [stdout] 
[INFO] [stdout] 
[INFO] [stdout] error[E0425]: cannot find value `api_key` in this scope
[INFO] [stdout]   --> src/main.rs:88:80
[INFO] [stdout]    |
[INFO] [stdout] 88 |                 let url = format!("{}?key={}&text={}&lang={}&format={}", base, api_key, strip_anchor(&cleaned_text), lang, format);
[INFO] [stdout]    |                                                                                ^^^^^^^ not found in this scope
[INFO] [stdout] 
[INFO] [stdout] 
[INFO] [stdout] error[E0425]: cannot find value `api_key` in this scope
[INFO] [stdout]    --> src/main.rs:142:72
[INFO] [stdout]     |
[INFO] [stdout] 142 |         let url = format!("{}?key={}&text={}&lang={}&format={}", base, api_key, strip_anchor(&text), lang, format);
[INFO] [stdout]     |                                                                        ^^^^^^^ not found in this scope
[INFO] [stdout] 
[INFO] [stdout] 
[INFO] [stdout] error: aborting due to 2 previous errors
[INFO] [stdout] 
[INFO] [stdout] 
[INFO] [stdout] For more information about this error, try `rustc --explain E0425`.
[INFO] [stdout] 
[INFO] [stderr] error: could not compile `j-rss`.
[INFO] [stderr] 
[INFO] [stderr] To learn more, run the command again with --verbose.
[INFO] [stderr] warning: build failed, waiting for other jobs to finish...
[INFO] [stdout] error: aborting due to 2 previous errors
[INFO] [stdout] 
[INFO] [stdout] 
[INFO] [stdout] For more information about this error, try `rustc --explain E0425`.
[INFO] [stdout] 
[INFO] [stderr] error: build failed
[INFO] running `Command { std: "docker" "inspect" "7f9293a48722545d920df086299225a71afa738c2c64026e7cd72a59c6d8a41c", kill_on_drop: false }`
[INFO] running `Command { std: "docker" "rm" "-f" "7f9293a48722545d920df086299225a71afa738c2c64026e7cd72a59c6d8a41c", kill_on_drop: false }`
[INFO] [stdout] 7f9293a48722545d920df086299225a71afa738c2c64026e7cd72a59c6d8a41c
